{"id":1842,"date":"2024-04-30T12:06:40","date_gmt":"2024-04-30T10:06:40","guid":{"rendered":"https:\/\/ruedesproducteurs.fr\/pro\/?post_type=product&#038;p=1842"},"modified":"2024-07-26T17:54:53","modified_gmt":"2024-07-26T15:54:53","slug":"le-petit-lyonnais","status":"publish","type":"product","link":"https:\/\/ruedesproducteurs.fr\/pro\/produit\/le-petit-lyonnais\/","title":{"rendered":"Le petit Lyonnais"},"content":{"rendered":"","protected":false},"excerpt":{"rendered":"<p><strong>Dans ce panier sal\u00e9-sucr\u00e9 de la gastronomie locale lyonnaise se trouve :<\/strong><\/p>\n<ul>\n<li>Un g\u00e2teau de foies de volailles (90g), issu d&#8217;un \u00e9levage en plein air et transform\u00e9 \u00e0 la Ferme des Perrelles, \u00e0 Anse (69)<\/li>\n<li>Un confit d&#8217;oignons rouges (190g) produit et transform\u00e9 par &#8220;Le jardin Elginois&#8221; tout proche de Lyon<\/li>\n<li>Un boudin aux pommes \u00e0 toaster (90g) produit et transform\u00e9 par &#8220;Les saveurs Lyonnaises&#8221;, Brindas (69)<\/li>\n<li>Une confiture artisanale &#8220;Belles gourmandises&#8221; (125g) issue d&#8217;une recette artisanale, \u00e0 tartiner sur vos petits-d\u00e9jeuners<\/li>\n<li>Des pralines enti\u00e8res (200g), issu de la confiserie &#8220;La maison de la praline&#8221;<\/li>\n<li>Une pate \u00e0 tartiner au chocolat noisette (200g) artisanale, fabriqu\u00e9 par &#8220;La Citadelle&#8221;, \u00e0 saint-Georges de Reneins (69)<\/li>\n<li>Un vin rouge &#8220;Morgon&#8221; (370ml), mis en bouteille par &#8220;Franck Chavy&#8221;.<\/li>\n<\/ul>\n","protected":false},"featured_media":1844,"comment_status":"open","ping_status":"closed","template":"","meta":[],"yoast_head":"<!-- This site is optimized with the Yoast SEO plugin v20.3 - https:\/\/yoast.com\/wordpress\/plugins\/seo\/ -->\n<title>Panier gourmand - Le petit Lyonnais<\/title>\n<meta name=\"description\" content=\"R\u00e9galez vous avec notre panier gourmand r\u00e9gional compos\u00e9 de d\u00e9licieux produits locaux issus de la r\u00e9gion Lyonnaise.\" \/>\n<meta name=\"robots\" content=\"index, follow, max-snippet:-1, max-image-preview:large, max-video-preview:-1\" \/>\n<link rel=\"canonical\" href=\"https:\/\/ruedesproducteurs.fr\/pro\/produit\/le-petit-lyonnais\/\" \/>\n<meta property=\"og:locale\" content=\"fr_FR\" \/>\n<meta property=\"og:type\" content=\"article\" \/>\n<meta property=\"og:title\" content=\"Panier gourmand - Le petit Lyonnais\" \/>\n<meta property=\"og:description\" content=\"R\u00e9galez vous avec notre panier gourmand r\u00e9gional compos\u00e9 de d\u00e9licieux produits locaux issus de la r\u00e9gion Lyonnaise.\" \/>\n<meta property=\"og:url\" content=\"https:\/\/ruedesproducteurs.fr\/pro\/produit\/le-petit-lyonnais\/\" \/>\n<meta property=\"article:modified_time\" content=\"2024-07-26T15:54:53+00:00\" \/>\n<meta property=\"og:image\" content=\"https:\/\/ruedesproducteurs.fr\/pro\/wp-content\/uploads\/2024\/04\/Petit_Lyonnais-1.jpg\" \/>\n\t<meta property=\"og:image:width\" content=\"2560\" \/>\n\t<meta property=\"og:image:height\" content=\"1706\" \/>\n\t<meta property=\"og:image:type\" content=\"image\/jpeg\" \/>\n<meta name=\"twitter:card\" content=\"summary_large_image\" \/>\n<script type=\"application\/ld+json\" class=\"yoast-schema-graph\">{\"@context\":\"https:\/\/schema.org\",\"@graph\":[{\"@type\":\"WebPage\",\"@id\":\"https:\/\/ruedesproducteurs.fr\/pro\/produit\/le-petit-lyonnais\/\",\"url\":\"https:\/\/ruedesproducteurs.fr\/pro\/produit\/le-petit-lyonnais\/\",\"name\":\"Panier gourmand - Le petit Lyonnais\",\"isPartOf\":{\"@id\":\"https:\/\/ruedesproducteurs.fr\/pro\/#website\"},\"datePublished\":\"2024-04-30T10:06:40+00:00\",\"dateModified\":\"2024-07-26T15:54:53+00:00\",\"description\":\"R\u00e9galez vous avec notre panier gourmand r\u00e9gional compos\u00e9 de d\u00e9licieux produits locaux issus de la r\u00e9gion Lyonnaise.\",\"breadcrumb\":{\"@id\":\"https:\/\/ruedesproducteurs.fr\/pro\/produit\/le-petit-lyonnais\/#breadcrumb\"},\"inLanguage\":\"fr-FR\",\"potentialAction\":[{\"@type\":\"ReadAction\",\"target\":[\"https:\/\/ruedesproducteurs.fr\/pro\/produit\/le-petit-lyonnais\/\"]}]},{\"@type\":\"BreadcrumbList\",\"@id\":\"https:\/\/ruedesproducteurs.fr\/pro\/produit\/le-petit-lyonnais\/#breadcrumb\",\"itemListElement\":[{\"@type\":\"ListItem\",\"position\":1,\"name\":\"Accueil\",\"item\":\"https:\/\/ruedesproducteurs.fr\/pro\/\"},{\"@type\":\"ListItem\",\"position\":2,\"name\":\"panier gourmand lyon\",\"item\":\"https:\/\/ruedesproducteurs.fr\/pro\/panier-gourmand-lyon\/\"},{\"@type\":\"ListItem\",\"position\":3,\"name\":\"Le petit Lyonnais\"}]},{\"@type\":\"WebSite\",\"@id\":\"https:\/\/ruedesproducteurs.fr\/pro\/#website\",\"url\":\"https:\/\/ruedesproducteurs.fr\/pro\/\",\"name\":\"\",\"description\":\"\",\"potentialAction\":[{\"@type\":\"SearchAction\",\"target\":{\"@type\":\"EntryPoint\",\"urlTemplate\":\"https:\/\/ruedesproducteurs.fr\/pro\/?s={search_term_string}\"},\"query-input\":\"required name=search_term_string\"}],\"inLanguage\":\"fr-FR\"}]}<\/script>\n<!-- \/ Yoast SEO plugin. -->","yoast_head_json":{"title":"Panier gourmand - Le petit Lyonnais","description":"R\u00e9galez vous avec notre panier gourmand r\u00e9gional compos\u00e9 de d\u00e9licieux produits locaux issus de la r\u00e9gion Lyonnaise.","robots":{"index":"index","follow":"follow","max-snippet":"max-snippet:-1","max-image-preview":"max-image-preview:large","max-video-preview":"max-video-preview:-1"},"canonical":"https:\/\/ruedesproducteurs.fr\/pro\/produit\/le-petit-lyonnais\/","og_locale":"fr_FR","og_type":"article","og_title":"Panier gourmand - Le petit Lyonnais","og_description":"R\u00e9galez vous avec notre panier gourmand r\u00e9gional compos\u00e9 de d\u00e9licieux produits locaux issus de la r\u00e9gion Lyonnaise.","og_url":"https:\/\/ruedesproducteurs.fr\/pro\/produit\/le-petit-lyonnais\/","article_modified_time":"2024-07-26T15:54:53+00:00","og_image":[{"width":2560,"height":1706,"url":"https:\/\/ruedesproducteurs.fr\/pro\/wp-content\/uploads\/2024\/04\/Petit_Lyonnais-1.jpg","type":"image\/jpeg"}],"twitter_card":"summary_large_image","schema":{"@context":"https:\/\/schema.org","@graph":[{"@type":"WebPage","@id":"https:\/\/ruedesproducteurs.fr\/pro\/produit\/le-petit-lyonnais\/","url":"https:\/\/ruedesproducteurs.fr\/pro\/produit\/le-petit-lyonnais\/","name":"Panier gourmand - Le petit Lyonnais","isPartOf":{"@id":"https:\/\/ruedesproducteurs.fr\/pro\/#website"},"datePublished":"2024-04-30T10:06:40+00:00","dateModified":"2024-07-26T15:54:53+00:00","description":"R\u00e9galez vous avec notre panier gourmand r\u00e9gional compos\u00e9 de d\u00e9licieux produits locaux issus de la r\u00e9gion Lyonnaise.","breadcrumb":{"@id":"https:\/\/ruedesproducteurs.fr\/pro\/produit\/le-petit-lyonnais\/#breadcrumb"},"inLanguage":"fr-FR","potentialAction":[{"@type":"ReadAction","target":["https:\/\/ruedesproducteurs.fr\/pro\/produit\/le-petit-lyonnais\/"]}]},{"@type":"BreadcrumbList","@id":"https:\/\/ruedesproducteurs.fr\/pro\/produit\/le-petit-lyonnais\/#breadcrumb","itemListElement":[{"@type":"ListItem","position":1,"name":"Accueil","item":"https:\/\/ruedesproducteurs.fr\/pro\/"},{"@type":"ListItem","position":2,"name":"panier gourmand lyon","item":"https:\/\/ruedesproducteurs.fr\/pro\/panier-gourmand-lyon\/"},{"@type":"ListItem","position":3,"name":"Le petit Lyonnais"}]},{"@type":"WebSite","@id":"https:\/\/ruedesproducteurs.fr\/pro\/#website","url":"https:\/\/ruedesproducteurs.fr\/pro\/","name":"","description":"","potentialAction":[{"@type":"SearchAction","target":{"@type":"EntryPoint","urlTemplate":"https:\/\/ruedesproducteurs.fr\/pro\/?s={search_term_string}"},"query-input":"required name=search_term_string"}],"inLanguage":"fr-FR"}]}},"_links":{"self":[{"href":"https:\/\/ruedesproducteurs.fr\/pro\/wp-json\/wp\/v2\/product\/1842"}],"collection":[{"href":"https:\/\/ruedesproducteurs.fr\/pro\/wp-json\/wp\/v2\/product"}],"about":[{"href":"https:\/\/ruedesproducteurs.fr\/pro\/wp-json\/wp\/v2\/types\/product"}],"replies":[{"embeddable":true,"href":"https:\/\/ruedesproducteurs.fr\/pro\/wp-json\/wp\/v2\/comments?post=1842"}],"wp:featuredmedia":[{"embeddable":true,"href":"https:\/\/ruedesproducteurs.fr\/pro\/wp-json\/wp\/v2\/media\/1844"}],"wp:attachment":[{"href":"https:\/\/ruedesproducteurs.fr\/pro\/wp-json\/wp\/v2\/media?parent=1842"}],"curies":[{"name":"wp","href":"https:\/\/api.w.org\/{rel}","templated":true}]}}