{"id":1845,"date":"2024-04-30T12:29:51","date_gmt":"2024-04-30T10:29:51","guid":{"rendered":"https:\/\/ruedesproducteurs.fr\/pro\/?post_type=product&#038;p=1845"},"modified":"2024-07-26T17:54:16","modified_gmt":"2024-07-26T15:54:16","slug":"le-petit-ardechois","status":"publish","type":"product","link":"https:\/\/ruedesproducteurs.fr\/pro\/produit\/le-petit-ardechois\/","title":{"rendered":"Le petit Ard\u00e9chois"},"content":{"rendered":"","protected":false},"excerpt":{"rendered":"<p><strong>Dans ce panier aux saveurs authentiques de la r\u00e9gion ard\u00e9choise on trouve :<\/strong><\/p>\n<ul>\n<li>Une terrine de li\u00e8vre au cognac (180g), fabriqu\u00e9e traditionnellement depuis 5 g\u00e9n\u00e9rations par la maison Rome au pied du Mont Gerbier de Jonc en Ard\u00e8che<\/li>\n<li>Un pesto \u00e0 l&#8217;ail des ours BIO (85g), produit en Nord Ard\u00e8che<\/li>\n<li>Une tartinade &#8220;La C\u00e9venole&#8221; (150g), onctueuse, du Moulin Campani en Ard\u00e8che Sud<\/li>\n<li>Des ch\u00e2taignes grill\u00e9es ap\u00e9ritives BIO \u201cMarron Ch\u00e2taigne\u201d (130g), en provenance de Laboule (07)<\/li>\n<li>Une confiture \u201cDorne\u201d (240g), pr\u00e9par\u00e9e \u00e0 partir de fruits du jardin ou de producteurs locaux aux saveurs originelles des fruits.<\/li>\n<li>Un petit g\u00e2teau en bocal st\u00e9rilis\u00e9, &#8220;le duo chocolat et figue&#8221; (70g) , moelleux et fondant en bouche<\/li>\n<li>Un vin rouge (370ml) &#8220;les 3 Saints&#8221;, mis en bouteille \u00e0 la cave coop\u00e9rative de Saint-Marcel d&#8217;Ard\u00e8che<\/li>\n<\/ul>\n","protected":false},"featured_media":1846,"comment_status":"open","ping_status":"closed","template":"","meta":[],"yoast_head":"<!-- This site is optimized with the Yoast SEO plugin v20.3 - https:\/\/yoast.com\/wordpress\/plugins\/seo\/ -->\n<title>Panier gourmand - Le petit Ard\u00e9chois<\/title>\n<meta name=\"description\" content=\"R\u00e9galez vous avec notre panier gourmand r\u00e9gional compos\u00e9 de d\u00e9licieux produits locaux issus de l&#039;Ard\u00e8che.\" \/>\n<meta name=\"robots\" content=\"index, follow, max-snippet:-1, max-image-preview:large, max-video-preview:-1\" \/>\n<link rel=\"canonical\" href=\"https:\/\/ruedesproducteurs.fr\/pro\/produit\/le-petit-ardechois\/\" \/>\n<meta property=\"og:locale\" content=\"fr_FR\" \/>\n<meta property=\"og:type\" content=\"article\" \/>\n<meta property=\"og:title\" content=\"Panier gourmand - Le petit Ard\u00e9chois\" \/>\n<meta property=\"og:description\" content=\"R\u00e9galez vous avec notre panier gourmand r\u00e9gional compos\u00e9 de d\u00e9licieux produits locaux issus de l&#039;Ard\u00e8che.\" \/>\n<meta property=\"og:url\" content=\"https:\/\/ruedesproducteurs.fr\/pro\/produit\/le-petit-ardechois\/\" \/>\n<meta property=\"article:modified_time\" content=\"2024-07-26T15:54:16+00:00\" \/>\n<meta property=\"og:image\" content=\"https:\/\/ruedesproducteurs.fr\/pro\/wp-content\/uploads\/2024\/04\/Petit_Ardechois.jpg\" \/>\n\t<meta property=\"og:image:width\" content=\"2560\" \/>\n\t<meta property=\"og:image:height\" content=\"1706\" \/>\n\t<meta property=\"og:image:type\" content=\"image\/jpeg\" \/>\n<meta name=\"twitter:card\" content=\"summary_large_image\" \/>\n<script type=\"application\/ld+json\" class=\"yoast-schema-graph\">{\"@context\":\"https:\/\/schema.org\",\"@graph\":[{\"@type\":\"WebPage\",\"@id\":\"https:\/\/ruedesproducteurs.fr\/pro\/produit\/le-petit-ardechois\/\",\"url\":\"https:\/\/ruedesproducteurs.fr\/pro\/produit\/le-petit-ardechois\/\",\"name\":\"Panier gourmand - Le petit Ard\u00e9chois\",\"isPartOf\":{\"@id\":\"https:\/\/ruedesproducteurs.fr\/pro\/#website\"},\"datePublished\":\"2024-04-30T10:29:51+00:00\",\"dateModified\":\"2024-07-26T15:54:16+00:00\",\"description\":\"R\u00e9galez vous avec notre panier gourmand r\u00e9gional compos\u00e9 de d\u00e9licieux produits locaux issus de l'Ard\u00e8che.\",\"breadcrumb\":{\"@id\":\"https:\/\/ruedesproducteurs.fr\/pro\/produit\/le-petit-ardechois\/#breadcrumb\"},\"inLanguage\":\"fr-FR\",\"potentialAction\":[{\"@type\":\"ReadAction\",\"target\":[\"https:\/\/ruedesproducteurs.fr\/pro\/produit\/le-petit-ardechois\/\"]}]},{\"@type\":\"BreadcrumbList\",\"@id\":\"https:\/\/ruedesproducteurs.fr\/pro\/produit\/le-petit-ardechois\/#breadcrumb\",\"itemListElement\":[{\"@type\":\"ListItem\",\"position\":1,\"name\":\"Accueil\",\"item\":\"https:\/\/ruedesproducteurs.fr\/pro\/\"},{\"@type\":\"ListItem\",\"position\":2,\"name\":\"panier gourmand lyon\",\"item\":\"https:\/\/ruedesproducteurs.fr\/pro\/panier-gourmand-lyon\/\"},{\"@type\":\"ListItem\",\"position\":3,\"name\":\"Le petit Ard\u00e9chois\"}]},{\"@type\":\"WebSite\",\"@id\":\"https:\/\/ruedesproducteurs.fr\/pro\/#website\",\"url\":\"https:\/\/ruedesproducteurs.fr\/pro\/\",\"name\":\"\",\"description\":\"\",\"potentialAction\":[{\"@type\":\"SearchAction\",\"target\":{\"@type\":\"EntryPoint\",\"urlTemplate\":\"https:\/\/ruedesproducteurs.fr\/pro\/?s={search_term_string}\"},\"query-input\":\"required name=search_term_string\"}],\"inLanguage\":\"fr-FR\"}]}<\/script>\n<!-- \/ Yoast SEO plugin. -->","yoast_head_json":{"title":"Panier gourmand - Le petit Ard\u00e9chois","description":"R\u00e9galez vous avec notre panier gourmand r\u00e9gional compos\u00e9 de d\u00e9licieux produits locaux issus de l'Ard\u00e8che.","robots":{"index":"index","follow":"follow","max-snippet":"max-snippet:-1","max-image-preview":"max-image-preview:large","max-video-preview":"max-video-preview:-1"},"canonical":"https:\/\/ruedesproducteurs.fr\/pro\/produit\/le-petit-ardechois\/","og_locale":"fr_FR","og_type":"article","og_title":"Panier gourmand - Le petit Ard\u00e9chois","og_description":"R\u00e9galez vous avec notre panier gourmand r\u00e9gional compos\u00e9 de d\u00e9licieux produits locaux issus de l'Ard\u00e8che.","og_url":"https:\/\/ruedesproducteurs.fr\/pro\/produit\/le-petit-ardechois\/","article_modified_time":"2024-07-26T15:54:16+00:00","og_image":[{"width":2560,"height":1706,"url":"https:\/\/ruedesproducteurs.fr\/pro\/wp-content\/uploads\/2024\/04\/Petit_Ardechois.jpg","type":"image\/jpeg"}],"twitter_card":"summary_large_image","schema":{"@context":"https:\/\/schema.org","@graph":[{"@type":"WebPage","@id":"https:\/\/ruedesproducteurs.fr\/pro\/produit\/le-petit-ardechois\/","url":"https:\/\/ruedesproducteurs.fr\/pro\/produit\/le-petit-ardechois\/","name":"Panier gourmand - Le petit Ard\u00e9chois","isPartOf":{"@id":"https:\/\/ruedesproducteurs.fr\/pro\/#website"},"datePublished":"2024-04-30T10:29:51+00:00","dateModified":"2024-07-26T15:54:16+00:00","description":"R\u00e9galez vous avec notre panier gourmand r\u00e9gional compos\u00e9 de d\u00e9licieux produits locaux issus de l'Ard\u00e8che.","breadcrumb":{"@id":"https:\/\/ruedesproducteurs.fr\/pro\/produit\/le-petit-ardechois\/#breadcrumb"},"inLanguage":"fr-FR","potentialAction":[{"@type":"ReadAction","target":["https:\/\/ruedesproducteurs.fr\/pro\/produit\/le-petit-ardechois\/"]}]},{"@type":"BreadcrumbList","@id":"https:\/\/ruedesproducteurs.fr\/pro\/produit\/le-petit-ardechois\/#breadcrumb","itemListElement":[{"@type":"ListItem","position":1,"name":"Accueil","item":"https:\/\/ruedesproducteurs.fr\/pro\/"},{"@type":"ListItem","position":2,"name":"panier gourmand lyon","item":"https:\/\/ruedesproducteurs.fr\/pro\/panier-gourmand-lyon\/"},{"@type":"ListItem","position":3,"name":"Le petit Ard\u00e9chois"}]},{"@type":"WebSite","@id":"https:\/\/ruedesproducteurs.fr\/pro\/#website","url":"https:\/\/ruedesproducteurs.fr\/pro\/","name":"","description":"","potentialAction":[{"@type":"SearchAction","target":{"@type":"EntryPoint","urlTemplate":"https:\/\/ruedesproducteurs.fr\/pro\/?s={search_term_string}"},"query-input":"required name=search_term_string"}],"inLanguage":"fr-FR"}]}},"_links":{"self":[{"href":"https:\/\/ruedesproducteurs.fr\/pro\/wp-json\/wp\/v2\/product\/1845"}],"collection":[{"href":"https:\/\/ruedesproducteurs.fr\/pro\/wp-json\/wp\/v2\/product"}],"about":[{"href":"https:\/\/ruedesproducteurs.fr\/pro\/wp-json\/wp\/v2\/types\/product"}],"replies":[{"embeddable":true,"href":"https:\/\/ruedesproducteurs.fr\/pro\/wp-json\/wp\/v2\/comments?post=1845"}],"wp:featuredmedia":[{"embeddable":true,"href":"https:\/\/ruedesproducteurs.fr\/pro\/wp-json\/wp\/v2\/media\/1846"}],"wp:attachment":[{"href":"https:\/\/ruedesproducteurs.fr\/pro\/wp-json\/wp\/v2\/media?parent=1845"}],"curies":[{"name":"wp","href":"https:\/\/api.w.org\/{rel}","templated":true}]}}

Le petit Ardéchois

<p><strong>Dans ce panier aux saveurs authentiques de la région ardéchoise on trouve :</strong></p>
<ul>
<li>Une terrine de lièvre au cognac (180g), fabriquée traditionnellement depuis 5 générations par la maison Rome au pied du Mont Gerbier de Jonc en Ardèche</li>
<li>Un pesto à l&#8217;ail des ours BIO (85g), produit en Nord Ardèche</li>
<li>Une tartinade &#8220;La Cévenole&#8221; (150g), onctueuse, du Moulin Campani en Ardèche Sud</li>
<li>Des châtaignes grillées apéritives BIO “Marron Châtaigne” (130g), en provenance de Laboule (07)</li>
<li>Une confiture “Dorne” (240g), préparée à partir de fruits du jardin ou de producteurs locaux aux saveurs originelles des fruits.</li>
<li>Un petit gâteau en bocal stérilisé, &#8220;le duo chocolat et figue&#8221; (70g) , moelleux et fondant en bouche</li>
<li>Un vin rouge (370ml) &#8220;les 3 Saints&#8221;, mis en bouteille à la cave coopérative de Saint-Marcel d&#8217;Ardèche</li>
</ul>

<!-- This site is optimized with the Yoast SEO plugin v20.3 - https://yoast.com/wordpress/plugins/seo/ -->
<title>Panier gourmand - Le petit Ardéchois</title>
<meta name="description" content="Régalez vous avec notre panier gourmand régional composé de délicieux produits locaux issus de l&#039;Ardèche." />
<meta name="robots" content="index, follow, max-snippet:-1, max-image-preview:large, max-video-preview:-1" />
<link rel="canonical" href="https://ruedesproducteurs.fr/pro/produit/le-petit-ardechois/" />
<meta property="og:locale" content="fr_FR" />
<meta property="og:type" content="article" />
<meta property="og:title" content="Panier gourmand - Le petit Ardéchois" />
<meta property="og:description" content="Régalez vous avec notre panier gourmand régional composé de délicieux produits locaux issus de l&#039;Ardèche." />
<meta property="og:url" content="https://ruedesproducteurs.fr/pro/produit/le-petit-ardechois/" />
<meta property="article:modified_time" content="2024-07-26T15:54:16+00:00" />
<meta property="og:image" content="https://ruedesproducteurs.fr/pro/wp-content/uploads/2024/04/Petit_Ardechois.jpg" />
	<meta property="og:image:width" content="2560" />
	<meta property="og:image:height" content="1706" />
	<meta property="og:image:type" content="image/jpeg" />
<meta name="twitter:card" content="summary_large_image" />
<script type="application/ld+json" class="yoast-schema-graph">{"@context":"https://schema.org","@graph":[{"@type":"WebPage","@id":"https://ruedesproducteurs.fr/pro/produit/le-petit-ardechois/","url":"https://ruedesproducteurs.fr/pro/produit/le-petit-ardechois/","name":"Panier gourmand - Le petit Ardéchois","isPartOf":{"@id":"https://ruedesproducteurs.fr/pro/#website"},"datePublished":"2024-04-30T10:29:51+00:00","dateModified":"2024-07-26T15:54:16+00:00","description":"Régalez vous avec notre panier gourmand régional composé de délicieux produits locaux issus de l'Ardèche.","breadcrumb":{"@id":"https://ruedesproducteurs.fr/pro/produit/le-petit-ardechois/#breadcrumb"},"inLanguage":"fr-FR","potentialAction":[{"@type":"ReadAction","target":["https://ruedesproducteurs.fr/pro/produit/le-petit-ardechois/"]}]},{"@type":"BreadcrumbList","@id":"https://ruedesproducteurs.fr/pro/produit/le-petit-ardechois/#breadcrumb","itemListElement":[{"@type":"ListItem","position":1,"name":"Accueil","item":"https://ruedesproducteurs.fr/pro/"},{"@type":"ListItem","position":2,"name":"panier gourmand lyon","item":"https://ruedesproducteurs.fr/pro/panier-gourmand-lyon/"},{"@type":"ListItem","position":3,"name":"Le petit Ardéchois"}]},{"@type":"WebSite","@id":"https://ruedesproducteurs.fr/pro/#website","url":"https://ruedesproducteurs.fr/pro/","name":"","description":"","potentialAction":[{"@type":"SearchAction","target":{"@type":"EntryPoint","urlTemplate":"https://ruedesproducteurs.fr/pro/?s={search_term_string}"},"query-input":"required name=search_term_string"}],"inLanguage":"fr-FR"}]}</script>
<!-- / Yoast SEO plugin. -->

Panier gourmand - Le petit Ardéchois

Régalez vous avec notre panier gourmand régional composé de délicieux produits locaux issus de l'Ardèche.
