{"id":1847,"date":"2024-04-30T12:54:27","date_gmt":"2024-04-30T10:54:27","guid":{"rendered":"https:\/\/ruedesproducteurs.fr\/pro\/?post_type=product&#038;p=1847"},"modified":"2024-07-26T17:53:34","modified_gmt":"2024-07-26T15:53:34","slug":"le-dromois","status":"publish","type":"product","link":"https:\/\/ruedesproducteurs.fr\/pro\/produit\/le-dromois\/","title":{"rendered":"Le Dr\u00f4mois"},"content":{"rendered":"","protected":false},"excerpt":{"rendered":"<p><strong>Dans ce panier aux saveurs authentiques de la r\u00e9gion dr\u00f4moise on trouve :<\/strong><\/p>\n<ul>\n<li>Une barre de nougat aux myrtilles (100g), fabriqu\u00e9 artisanalement \u00e0 Mont\u00e9limar par &#8220;Les Trois Abeilles&#8221;<\/li>\n<li>Des biscuits &#8220;Chococo&#8221;, petits rochers au chocolat et \u00e0 la noix de coco, fabriqu\u00e9s par &#8220;La biscuiterie des collines&#8221; \u00e0 Taulignan<\/li>\n<li>Une rillette de truite \u00e0 la moutarde (90g), produite dans le parc naturel r\u00e9gional du Vercors, sur le lieu de l\u2019\u00e9levage<\/li>\n<li>Des biscuits \u201cAperOlive\u201d (200g), aux olives vertes, pr\u00e9par\u00e9s de fa\u00e7on artisanale \u00e0 partir d\u2019amandes locales dans la Dr\u00f4me<\/li>\n<li>Un bidon d&#8217;huile d&#8217;olive (25cl), produite au pays des olives, \u00e0 Nyons<\/li>\n<li>Une tapenade d&#8217;olives noires (90g)<\/li>\n<li>Une terrine v\u00e9g\u00e9tale aux tomates s\u00e9ch\u00e9es (100g), produit et transform\u00e9 par &#8220;Les cuisines de Manon&#8221; \u00e0 Saulce dans la Drome<\/li>\n<li>Un vin BIO \u201cCroze Hermitage 2020\u201d (750ml) pour accompagner le tout.<\/li>\n<\/ul>\n","protected":false},"featured_media":1851,"comment_status":"open","ping_status":"closed","template":"","meta":[],"yoast_head":"<!-- This site is optimized with the Yoast SEO plugin v20.3 - https:\/\/yoast.com\/wordpress\/plugins\/seo\/ -->\n<title>Panier gourmand - le Dr\u00f4mois<\/title>\n<meta name=\"description\" content=\"R\u00e9galez vous avec notre panier gourmand r\u00e9gional compos\u00e9 de d\u00e9licieux produits locaux issus de la Dr\u00f4me.\" \/>\n<meta name=\"robots\" content=\"index, follow, max-snippet:-1, max-image-preview:large, max-video-preview:-1\" \/>\n<link rel=\"canonical\" href=\"https:\/\/ruedesproducteurs.fr\/pro\/produit\/le-dromois\/\" \/>\n<meta property=\"og:locale\" content=\"fr_FR\" \/>\n<meta property=\"og:type\" content=\"article\" \/>\n<meta property=\"og:title\" content=\"Panier gourmand - le Dr\u00f4mois\" \/>\n<meta property=\"og:description\" content=\"R\u00e9galez vous avec notre panier gourmand r\u00e9gional compos\u00e9 de d\u00e9licieux produits locaux issus de la Dr\u00f4me.\" \/>\n<meta property=\"og:url\" content=\"https:\/\/ruedesproducteurs.fr\/pro\/produit\/le-dromois\/\" \/>\n<meta property=\"article:modified_time\" content=\"2024-07-26T15:53:34+00:00\" \/>\n<meta property=\"og:image\" content=\"https:\/\/ruedesproducteurs.fr\/pro\/wp-content\/uploads\/2024\/04\/Dromois-2-1.jpg\" \/>\n\t<meta property=\"og:image:width\" content=\"812\" \/>\n\t<meta property=\"og:image:height\" content=\"661\" \/>\n\t<meta property=\"og:image:type\" content=\"image\/jpeg\" \/>\n<meta name=\"twitter:card\" content=\"summary_large_image\" \/>\n<script type=\"application\/ld+json\" class=\"yoast-schema-graph\">{\"@context\":\"https:\/\/schema.org\",\"@graph\":[{\"@type\":\"WebPage\",\"@id\":\"https:\/\/ruedesproducteurs.fr\/pro\/produit\/le-dromois\/\",\"url\":\"https:\/\/ruedesproducteurs.fr\/pro\/produit\/le-dromois\/\",\"name\":\"Panier gourmand - le Dr\u00f4mois\",\"isPartOf\":{\"@id\":\"https:\/\/ruedesproducteurs.fr\/pro\/#website\"},\"datePublished\":\"2024-04-30T10:54:27+00:00\",\"dateModified\":\"2024-07-26T15:53:34+00:00\",\"description\":\"R\u00e9galez vous avec notre panier gourmand r\u00e9gional compos\u00e9 de d\u00e9licieux produits locaux issus de la Dr\u00f4me.\",\"breadcrumb\":{\"@id\":\"https:\/\/ruedesproducteurs.fr\/pro\/produit\/le-dromois\/#breadcrumb\"},\"inLanguage\":\"fr-FR\",\"potentialAction\":[{\"@type\":\"ReadAction\",\"target\":[\"https:\/\/ruedesproducteurs.fr\/pro\/produit\/le-dromois\/\"]}]},{\"@type\":\"BreadcrumbList\",\"@id\":\"https:\/\/ruedesproducteurs.fr\/pro\/produit\/le-dromois\/#breadcrumb\",\"itemListElement\":[{\"@type\":\"ListItem\",\"position\":1,\"name\":\"Accueil\",\"item\":\"https:\/\/ruedesproducteurs.fr\/pro\/\"},{\"@type\":\"ListItem\",\"position\":2,\"name\":\"panier gourmand lyon\",\"item\":\"https:\/\/ruedesproducteurs.fr\/pro\/panier-gourmand-lyon\/\"},{\"@type\":\"ListItem\",\"position\":3,\"name\":\"Le Dr\u00f4mois\"}]},{\"@type\":\"WebSite\",\"@id\":\"https:\/\/ruedesproducteurs.fr\/pro\/#website\",\"url\":\"https:\/\/ruedesproducteurs.fr\/pro\/\",\"name\":\"\",\"description\":\"\",\"potentialAction\":[{\"@type\":\"SearchAction\",\"target\":{\"@type\":\"EntryPoint\",\"urlTemplate\":\"https:\/\/ruedesproducteurs.fr\/pro\/?s={search_term_string}\"},\"query-input\":\"required name=search_term_string\"}],\"inLanguage\":\"fr-FR\"}]}<\/script>\n<!-- \/ Yoast SEO plugin. -->","yoast_head_json":{"title":"Panier gourmand - le Dr\u00f4mois","description":"R\u00e9galez vous avec notre panier gourmand r\u00e9gional compos\u00e9 de d\u00e9licieux produits locaux issus de la Dr\u00f4me.","robots":{"index":"index","follow":"follow","max-snippet":"max-snippet:-1","max-image-preview":"max-image-preview:large","max-video-preview":"max-video-preview:-1"},"canonical":"https:\/\/ruedesproducteurs.fr\/pro\/produit\/le-dromois\/","og_locale":"fr_FR","og_type":"article","og_title":"Panier gourmand - le Dr\u00f4mois","og_description":"R\u00e9galez vous avec notre panier gourmand r\u00e9gional compos\u00e9 de d\u00e9licieux produits locaux issus de la Dr\u00f4me.","og_url":"https:\/\/ruedesproducteurs.fr\/pro\/produit\/le-dromois\/","article_modified_time":"2024-07-26T15:53:34+00:00","og_image":[{"width":812,"height":661,"url":"https:\/\/ruedesproducteurs.fr\/pro\/wp-content\/uploads\/2024\/04\/Dromois-2-1.jpg","type":"image\/jpeg"}],"twitter_card":"summary_large_image","schema":{"@context":"https:\/\/schema.org","@graph":[{"@type":"WebPage","@id":"https:\/\/ruedesproducteurs.fr\/pro\/produit\/le-dromois\/","url":"https:\/\/ruedesproducteurs.fr\/pro\/produit\/le-dromois\/","name":"Panier gourmand - le Dr\u00f4mois","isPartOf":{"@id":"https:\/\/ruedesproducteurs.fr\/pro\/#website"},"datePublished":"2024-04-30T10:54:27+00:00","dateModified":"2024-07-26T15:53:34+00:00","description":"R\u00e9galez vous avec notre panier gourmand r\u00e9gional compos\u00e9 de d\u00e9licieux produits locaux issus de la Dr\u00f4me.","breadcrumb":{"@id":"https:\/\/ruedesproducteurs.fr\/pro\/produit\/le-dromois\/#breadcrumb"},"inLanguage":"fr-FR","potentialAction":[{"@type":"ReadAction","target":["https:\/\/ruedesproducteurs.fr\/pro\/produit\/le-dromois\/"]}]},{"@type":"BreadcrumbList","@id":"https:\/\/ruedesproducteurs.fr\/pro\/produit\/le-dromois\/#breadcrumb","itemListElement":[{"@type":"ListItem","position":1,"name":"Accueil","item":"https:\/\/ruedesproducteurs.fr\/pro\/"},{"@type":"ListItem","position":2,"name":"panier gourmand lyon","item":"https:\/\/ruedesproducteurs.fr\/pro\/panier-gourmand-lyon\/"},{"@type":"ListItem","position":3,"name":"Le Dr\u00f4mois"}]},{"@type":"WebSite","@id":"https:\/\/ruedesproducteurs.fr\/pro\/#website","url":"https:\/\/ruedesproducteurs.fr\/pro\/","name":"","description":"","potentialAction":[{"@type":"SearchAction","target":{"@type":"EntryPoint","urlTemplate":"https:\/\/ruedesproducteurs.fr\/pro\/?s={search_term_string}"},"query-input":"required name=search_term_string"}],"inLanguage":"fr-FR"}]}},"_links":{"self":[{"href":"https:\/\/ruedesproducteurs.fr\/pro\/wp-json\/wp\/v2\/product\/1847"}],"collection":[{"href":"https:\/\/ruedesproducteurs.fr\/pro\/wp-json\/wp\/v2\/product"}],"about":[{"href":"https:\/\/ruedesproducteurs.fr\/pro\/wp-json\/wp\/v2\/types\/product"}],"replies":[{"embeddable":true,"href":"https:\/\/ruedesproducteurs.fr\/pro\/wp-json\/wp\/v2\/comments?post=1847"}],"wp:featuredmedia":[{"embeddable":true,"href":"https:\/\/ruedesproducteurs.fr\/pro\/wp-json\/wp\/v2\/media\/1851"}],"wp:attachment":[{"href":"https:\/\/ruedesproducteurs.fr\/pro\/wp-json\/wp\/v2\/media?parent=1847"}],"curies":[{"name":"wp","href":"https:\/\/api.w.org\/{rel}","templated":true}]}}

Le Drômois

<p><strong>Dans ce panier aux saveurs authentiques de la région drômoise on trouve :</strong></p>
<ul>
<li>Une barre de nougat aux myrtilles (100g), fabriqué artisanalement à Montélimar par &#8220;Les Trois Abeilles&#8221;</li>
<li>Des biscuits &#8220;Chococo&#8221;, petits rochers au chocolat et à la noix de coco, fabriqués par &#8220;La biscuiterie des collines&#8221; à Taulignan</li>
<li>Une rillette de truite à la moutarde (90g), produite dans le parc naturel régional du Vercors, sur le lieu de l’élevage</li>
<li>Des biscuits “AperOlive” (200g), aux olives vertes, préparés de façon artisanale à partir d’amandes locales dans la Drôme</li>
<li>Un bidon d&#8217;huile d&#8217;olive (25cl), produite au pays des olives, à Nyons</li>
<li>Une tapenade d&#8217;olives noires (90g)</li>
<li>Une terrine végétale aux tomates séchées (100g), produit et transformé par &#8220;Les cuisines de Manon&#8221; à Saulce dans la Drome</li>
<li>Un vin BIO “Croze Hermitage 2020” (750ml) pour accompagner le tout.</li>
</ul>

<!-- This site is optimized with the Yoast SEO plugin v20.3 - https://yoast.com/wordpress/plugins/seo/ -->
<title>Panier gourmand - le Drômois</title>
<meta name="description" content="Régalez vous avec notre panier gourmand régional composé de délicieux produits locaux issus de la Drôme." />
<meta name="robots" content="index, follow, max-snippet:-1, max-image-preview:large, max-video-preview:-1" />
<link rel="canonical" href="https://ruedesproducteurs.fr/pro/produit/le-dromois/" />
<meta property="og:locale" content="fr_FR" />
<meta property="og:type" content="article" />
<meta property="og:title" content="Panier gourmand - le Drômois" />
<meta property="og:description" content="Régalez vous avec notre panier gourmand régional composé de délicieux produits locaux issus de la Drôme." />
<meta property="og:url" content="https://ruedesproducteurs.fr/pro/produit/le-dromois/" />
<meta property="article:modified_time" content="2024-07-26T15:53:34+00:00" />
<meta property="og:image" content="https://ruedesproducteurs.fr/pro/wp-content/uploads/2024/04/Dromois-2-1.jpg" />
	<meta property="og:image:width" content="812" />
	<meta property="og:image:height" content="661" />
	<meta property="og:image:type" content="image/jpeg" />
<meta name="twitter:card" content="summary_large_image" />
<script type="application/ld+json" class="yoast-schema-graph">{"@context":"https://schema.org","@graph":[{"@type":"WebPage","@id":"https://ruedesproducteurs.fr/pro/produit/le-dromois/","url":"https://ruedesproducteurs.fr/pro/produit/le-dromois/","name":"Panier gourmand - le Drômois","isPartOf":{"@id":"https://ruedesproducteurs.fr/pro/#website"},"datePublished":"2024-04-30T10:54:27+00:00","dateModified":"2024-07-26T15:53:34+00:00","description":"Régalez vous avec notre panier gourmand régional composé de délicieux produits locaux issus de la Drôme.","breadcrumb":{"@id":"https://ruedesproducteurs.fr/pro/produit/le-dromois/#breadcrumb"},"inLanguage":"fr-FR","potentialAction":[{"@type":"ReadAction","target":["https://ruedesproducteurs.fr/pro/produit/le-dromois/"]}]},{"@type":"BreadcrumbList","@id":"https://ruedesproducteurs.fr/pro/produit/le-dromois/#breadcrumb","itemListElement":[{"@type":"ListItem","position":1,"name":"Accueil","item":"https://ruedesproducteurs.fr/pro/"},{"@type":"ListItem","position":2,"name":"panier gourmand lyon","item":"https://ruedesproducteurs.fr/pro/panier-gourmand-lyon/"},{"@type":"ListItem","position":3,"name":"Le Drômois"}]},{"@type":"WebSite","@id":"https://ruedesproducteurs.fr/pro/#website","url":"https://ruedesproducteurs.fr/pro/","name":"","description":"","potentialAction":[{"@type":"SearchAction","target":{"@type":"EntryPoint","urlTemplate":"https://ruedesproducteurs.fr/pro/?s={search_term_string}"},"query-input":"required name=search_term_string"}],"inLanguage":"fr-FR"}]}</script>
<!-- / Yoast SEO plugin. -->

Panier gourmand - le Drômois

Régalez vous avec notre panier gourmand régional composé de délicieux produits locaux issus de la Drôme.
