{"id":315,"date":"2022-05-05T10:49:29","date_gmt":"2022-05-05T08:49:29","guid":{"rendered":"https:\/\/dev-scope.fr\/pro\/?post_type=product&#038;p=315"},"modified":"2022-07-22T14:41:01","modified_gmt":"2022-07-22T12:41:01","slug":"au-coin-du-feu","status":"publish","type":"product","link":"https:\/\/ruedesproducteurs.fr\/pro\/produit\/au-coin-du-feu\/","title":{"rendered":"Au coin du feu"},"content":{"rendered":"","protected":false},"excerpt":{"rendered":"<p><strong>Dans ce petit panier r\u00e9confortant se trouve :<\/strong><\/p>\n<ul>\n<li>Un miel d\u2019acacia (250g), doux aux notes florales et un peu fruit\u00e9, produit dans le respect de la nature, situ\u00e9 non loin de l\u00e0, en Is\u00e8re<\/li>\n<li>Les \u201cAperOlive\u201d (200g), d\u00e9licieux biscuits ap\u00e9ritifs fabriqu\u00e9s de fa\u00e7on artisanale \u00e0 partir d&#8217;amandes et d\u2019olives locales dans la Dr\u00f4me<\/li>\n<li>Des meringues \u00ab Bonne heure papilles \u00bb (100g), \u00e9labor\u00e9es gr\u00e2ce \u00e0 un savoir faire ancestral, et pr\u00e9par\u00e9es \u00e0 quelques kilom\u00e8tres de Lyon dans la commune de Sourcieux les Mines<\/li>\n<li>Une tisane (40g), aux ar\u00f4mes floraux pr\u00e9par\u00e9e au bord du fleuve de la Loire<\/li>\n<li>Un vin \u201cMorgon F. Chavy\u201d (750ml), du domaine Franck Chavy dans le Rh\u00f4ne, sans sulfites, rond et gourmand aux notes de p\u00eaches de vigne et cerises.<\/li>\n<\/ul>\n","protected":false},"featured_media":314,"comment_status":"open","ping_status":"closed","template":"","meta":[],"yoast_head":"<!-- This site is optimized with the Yoast SEO plugin v20.3 - https:\/\/yoast.com\/wordpress\/plugins\/seo\/ -->\n<title>Au coin du feu -<\/title>\n<meta name=\"robots\" content=\"index, follow, max-snippet:-1, max-image-preview:large, max-video-preview:-1\" \/>\n<link rel=\"canonical\" href=\"https:\/\/ruedesproducteurs.fr\/pro\/produit\/au-coin-du-feu\/\" \/>\n<meta property=\"og:locale\" content=\"fr_FR\" \/>\n<meta property=\"og:type\" content=\"article\" \/>\n<meta property=\"og:title\" content=\"Au coin du feu -\" \/>\n<meta property=\"og:description\" content=\"Dans ce petit panier r\u00e9confortant se trouve :   Un miel d\u2019acacia (250g), doux aux notes florales et un peu fruit\u00e9, produit dans le respect de la nature, situ\u00e9 non loin de l\u00e0, en Is\u00e8re  Les \u201cAperOlive\u201d (200g), d\u00e9licieux biscuits ap\u00e9ritifs fabriqu\u00e9s de fa\u00e7on artisanale \u00e0 partir d&#039;amandes et d\u2019olives locales dans la Dr\u00f4me  Des meringues \u00ab Bonne heure papilles \u00bb (100g), \u00e9labor\u00e9es gr\u00e2ce \u00e0 un savoir faire ancestral, et pr\u00e9par\u00e9es \u00e0 quelques kilom\u00e8tres de Lyon dans la commune de Sourcieux les Mines  Une tisane (40g), aux ar\u00f4mes floraux pr\u00e9par\u00e9e au bord du fleuve de la Loire  Un vin \u201cMorgon F. Chavy\u201d (750ml), du domaine Franck Chavy dans le Rh\u00f4ne, sans sulfites, rond et gourmand aux notes de p\u00eaches de vigne et cerises.\" \/>\n<meta property=\"og:url\" content=\"https:\/\/ruedesproducteurs.fr\/pro\/produit\/au-coin-du-feu\/\" \/>\n<meta property=\"article:modified_time\" content=\"2022-07-22T12:41:01+00:00\" \/>\n<meta property=\"og:image\" content=\"https:\/\/ruedesproducteurs.fr\/pro\/wp-content\/uploads\/2022\/05\/Au-coin-du-feu_2980-scaled.jpg\" \/>\n\t<meta property=\"og:image:width\" content=\"2560\" \/>\n\t<meta property=\"og:image:height\" content=\"1836\" \/>\n\t<meta property=\"og:image:type\" content=\"image\/jpeg\" \/>\n<meta name=\"twitter:card\" content=\"summary_large_image\" \/>\n<script type=\"application\/ld+json\" class=\"yoast-schema-graph\">{\"@context\":\"https:\/\/schema.org\",\"@graph\":[{\"@type\":\"WebPage\",\"@id\":\"https:\/\/ruedesproducteurs.fr\/pro\/produit\/au-coin-du-feu\/\",\"url\":\"https:\/\/ruedesproducteurs.fr\/pro\/produit\/au-coin-du-feu\/\",\"name\":\"Au coin du feu -\",\"isPartOf\":{\"@id\":\"https:\/\/ruedesproducteurs.fr\/pro\/#website\"},\"datePublished\":\"2022-05-05T08:49:29+00:00\",\"dateModified\":\"2022-07-22T12:41:01+00:00\",\"breadcrumb\":{\"@id\":\"https:\/\/ruedesproducteurs.fr\/pro\/produit\/au-coin-du-feu\/#breadcrumb\"},\"inLanguage\":\"fr-FR\",\"potentialAction\":[{\"@type\":\"ReadAction\",\"target\":[\"https:\/\/ruedesproducteurs.fr\/pro\/produit\/au-coin-du-feu\/\"]}]},{\"@type\":\"BreadcrumbList\",\"@id\":\"https:\/\/ruedesproducteurs.fr\/pro\/produit\/au-coin-du-feu\/#breadcrumb\",\"itemListElement\":[{\"@type\":\"ListItem\",\"position\":1,\"name\":\"Accueil\",\"item\":\"https:\/\/ruedesproducteurs.fr\/pro\/\"},{\"@type\":\"ListItem\",\"position\":2,\"name\":\"panier gourmand lyon\",\"item\":\"https:\/\/ruedesproducteurs.fr\/pro\/panier-gourmand-lyon\/\"},{\"@type\":\"ListItem\",\"position\":3,\"name\":\"Au coin du feu\"}]},{\"@type\":\"WebSite\",\"@id\":\"https:\/\/ruedesproducteurs.fr\/pro\/#website\",\"url\":\"https:\/\/ruedesproducteurs.fr\/pro\/\",\"name\":\"\",\"description\":\"\",\"potentialAction\":[{\"@type\":\"SearchAction\",\"target\":{\"@type\":\"EntryPoint\",\"urlTemplate\":\"https:\/\/ruedesproducteurs.fr\/pro\/?s={search_term_string}\"},\"query-input\":\"required name=search_term_string\"}],\"inLanguage\":\"fr-FR\"}]}<\/script>\n<!-- \/ Yoast SEO plugin. -->","yoast_head_json":{"title":"Au coin du feu -","robots":{"index":"index","follow":"follow","max-snippet":"max-snippet:-1","max-image-preview":"max-image-preview:large","max-video-preview":"max-video-preview:-1"},"canonical":"https:\/\/ruedesproducteurs.fr\/pro\/produit\/au-coin-du-feu\/","og_locale":"fr_FR","og_type":"article","og_title":"Au coin du feu -","og_description":"Dans ce petit panier r\u00e9confortant se trouve :   Un miel d\u2019acacia (250g), doux aux notes florales et un peu fruit\u00e9, produit dans le respect de la nature, situ\u00e9 non loin de l\u00e0, en Is\u00e8re  Les \u201cAperOlive\u201d (200g), d\u00e9licieux biscuits ap\u00e9ritifs fabriqu\u00e9s de fa\u00e7on artisanale \u00e0 partir d'amandes et d\u2019olives locales dans la Dr\u00f4me  Des meringues \u00ab Bonne heure papilles \u00bb (100g), \u00e9labor\u00e9es gr\u00e2ce \u00e0 un savoir faire ancestral, et pr\u00e9par\u00e9es \u00e0 quelques kilom\u00e8tres de Lyon dans la commune de Sourcieux les Mines  Une tisane (40g), aux ar\u00f4mes floraux pr\u00e9par\u00e9e au bord du fleuve de la Loire  Un vin \u201cMorgon F. Chavy\u201d (750ml), du domaine Franck Chavy dans le Rh\u00f4ne, sans sulfites, rond et gourmand aux notes de p\u00eaches de vigne et cerises.","og_url":"https:\/\/ruedesproducteurs.fr\/pro\/produit\/au-coin-du-feu\/","article_modified_time":"2022-07-22T12:41:01+00:00","og_image":[{"width":2560,"height":1836,"url":"https:\/\/ruedesproducteurs.fr\/pro\/wp-content\/uploads\/2022\/05\/Au-coin-du-feu_2980-scaled.jpg","type":"image\/jpeg"}],"twitter_card":"summary_large_image","schema":{"@context":"https:\/\/schema.org","@graph":[{"@type":"WebPage","@id":"https:\/\/ruedesproducteurs.fr\/pro\/produit\/au-coin-du-feu\/","url":"https:\/\/ruedesproducteurs.fr\/pro\/produit\/au-coin-du-feu\/","name":"Au coin du feu -","isPartOf":{"@id":"https:\/\/ruedesproducteurs.fr\/pro\/#website"},"datePublished":"2022-05-05T08:49:29+00:00","dateModified":"2022-07-22T12:41:01+00:00","breadcrumb":{"@id":"https:\/\/ruedesproducteurs.fr\/pro\/produit\/au-coin-du-feu\/#breadcrumb"},"inLanguage":"fr-FR","potentialAction":[{"@type":"ReadAction","target":["https:\/\/ruedesproducteurs.fr\/pro\/produit\/au-coin-du-feu\/"]}]},{"@type":"BreadcrumbList","@id":"https:\/\/ruedesproducteurs.fr\/pro\/produit\/au-coin-du-feu\/#breadcrumb","itemListElement":[{"@type":"ListItem","position":1,"name":"Accueil","item":"https:\/\/ruedesproducteurs.fr\/pro\/"},{"@type":"ListItem","position":2,"name":"panier gourmand lyon","item":"https:\/\/ruedesproducteurs.fr\/pro\/panier-gourmand-lyon\/"},{"@type":"ListItem","position":3,"name":"Au coin du feu"}]},{"@type":"WebSite","@id":"https:\/\/ruedesproducteurs.fr\/pro\/#website","url":"https:\/\/ruedesproducteurs.fr\/pro\/","name":"","description":"","potentialAction":[{"@type":"SearchAction","target":{"@type":"EntryPoint","urlTemplate":"https:\/\/ruedesproducteurs.fr\/pro\/?s={search_term_string}"},"query-input":"required name=search_term_string"}],"inLanguage":"fr-FR"}]}},"_links":{"self":[{"href":"https:\/\/ruedesproducteurs.fr\/pro\/wp-json\/wp\/v2\/product\/315"}],"collection":[{"href":"https:\/\/ruedesproducteurs.fr\/pro\/wp-json\/wp\/v2\/product"}],"about":[{"href":"https:\/\/ruedesproducteurs.fr\/pro\/wp-json\/wp\/v2\/types\/product"}],"replies":[{"embeddable":true,"href":"https:\/\/ruedesproducteurs.fr\/pro\/wp-json\/wp\/v2\/comments?post=315"}],"wp:featuredmedia":[{"embeddable":true,"href":"https:\/\/ruedesproducteurs.fr\/pro\/wp-json\/wp\/v2\/media\/314"}],"wp:attachment":[{"href":"https:\/\/ruedesproducteurs.fr\/pro\/wp-json\/wp\/v2\/media?parent=315"}],"curies":[{"name":"wp","href":"https:\/\/api.w.org\/{rel}","templated":true}]}}