{"id":316,"date":"2022-05-05T10:51:49","date_gmt":"2022-05-05T08:51:49","guid":{"rendered":"https:\/\/dev-scope.fr\/pro\/?post_type=product&#038;p=316"},"modified":"2024-07-30T15:22:33","modified_gmt":"2024-07-30T13:22:33","slug":"apero","status":"publish","type":"product","link":"https:\/\/ruedesproducteurs.fr\/pro\/produit\/apero\/","title":{"rendered":"Panier Garni Ap\u00e9ro"},"content":{"rendered":"","protected":false},"excerpt":{"rendered":"<p><strong>Dans ce panier garni destin\u00e9 \u00e0 l\u2019ap\u00e9ritif on trouve :<\/strong><\/p>\n<ul>\n<li>Des pickles curry \u201cPOd\u201d (220g), bio, pour des bouch\u00e9es croquantes et acidul\u00e9es avec des courgettes et des oignons au curry, pr\u00e9par\u00e9s avec soin dans l\u2019Allier<\/li>\n<li>Des biscuits \u201cAperOlive\u201d (200g), aux olives noires, pr\u00e9par\u00e9s de fa\u00e7on artisanale \u00e0 partir d&#8217;amandes locales dans la Dr\u00f4me<\/li>\n<li>Une terrine v\u00e9g\u00e9tale (100g), \u00e0 base de ch\u00e2taignes, produite sur les hauteurs ard\u00e9choises<\/li>\n<li>Une rillette \u201cPorc Jambon de pays\u201d \u2018Marc Sandevoir\u2019(160g), gourmande pr\u00e9par\u00e9e avec des produits artisanaux mijot\u00e9s avec soin en Ard\u00e8che<\/li>\n<li>Un saucisson sec maigre, des monts du Lyonnais<\/li>\n<li>Une bi\u00e8re \u201cOurs\u201d BIO \u00e0 verveine (33cl), rafra\u00eechissante et menthol\u00e9e.<\/li>\n<\/ul>\n","protected":false},"featured_media":317,"comment_status":"open","ping_status":"closed","template":"","meta":[],"yoast_head":"<!-- This site is optimized with the Yoast SEO plugin v20.3 - https:\/\/yoast.com\/wordpress\/plugins\/seo\/ -->\n<title>Panier Garni Ap\u00e9ro -<\/title>\n<meta name=\"robots\" content=\"index, follow, max-snippet:-1, max-image-preview:large, max-video-preview:-1\" \/>\n<link rel=\"canonical\" href=\"https:\/\/ruedesproducteurs.fr\/pro\/produit\/apero\/\" \/>\n<meta property=\"og:locale\" content=\"fr_FR\" \/>\n<meta property=\"og:type\" content=\"article\" \/>\n<meta property=\"og:title\" content=\"Panier Garni Ap\u00e9ro -\" \/>\n<meta property=\"og:description\" content=\"Dans ce panier garni destin\u00e9 \u00e0 l\u2019ap\u00e9ritif on trouve :   Des pickles curry \u201cPOd\u201d (220g), bio, pour des bouch\u00e9es croquantes et acidul\u00e9es avec des courgettes et des oignons au curry, pr\u00e9par\u00e9s avec soin dans l\u2019Allier  Des biscuits \u201cAperOlive\u201d (200g), aux olives noires, pr\u00e9par\u00e9s de fa\u00e7on artisanale \u00e0 partir d&#039;amandes locales dans la Dr\u00f4me  Une terrine v\u00e9g\u00e9tale (100g), \u00e0 base de ch\u00e2taignes, produite sur les hauteurs ard\u00e9choises  Une rillette \u201cPorc Jambon de pays\u201d \u2018Marc Sandevoir\u2019(160g), gourmande pr\u00e9par\u00e9e avec des produits artisanaux mijot\u00e9s avec soin en Ard\u00e8che  Un saucisson sec maigre, des monts du Lyonnais  Une bi\u00e8re \u201cOurs\u201d BIO \u00e0 verveine (33cl), rafra\u00eechissante et menthol\u00e9e.\" \/>\n<meta property=\"og:url\" content=\"https:\/\/ruedesproducteurs.fr\/pro\/produit\/apero\/\" \/>\n<meta property=\"article:modified_time\" content=\"2024-07-30T13:22:33+00:00\" \/>\n<meta property=\"og:image\" content=\"https:\/\/ruedesproducteurs.fr\/pro\/wp-content\/uploads\/2022\/05\/Ap\u201arO_4500-scaled.jpg\" \/>\n\t<meta property=\"og:image:width\" content=\"2560\" \/>\n\t<meta property=\"og:image:height\" content=\"1905\" \/>\n\t<meta property=\"og:image:type\" content=\"image\/jpeg\" \/>\n<meta name=\"twitter:card\" content=\"summary_large_image\" \/>\n<script type=\"application\/ld+json\" class=\"yoast-schema-graph\">{\"@context\":\"https:\/\/schema.org\",\"@graph\":[{\"@type\":\"WebPage\",\"@id\":\"https:\/\/ruedesproducteurs.fr\/pro\/produit\/apero\/\",\"url\":\"https:\/\/ruedesproducteurs.fr\/pro\/produit\/apero\/\",\"name\":\"Panier Garni Ap\u00e9ro -\",\"isPartOf\":{\"@id\":\"https:\/\/ruedesproducteurs.fr\/pro\/#website\"},\"datePublished\":\"2022-05-05T08:51:49+00:00\",\"dateModified\":\"2024-07-30T13:22:33+00:00\",\"breadcrumb\":{\"@id\":\"https:\/\/ruedesproducteurs.fr\/pro\/produit\/apero\/#breadcrumb\"},\"inLanguage\":\"fr-FR\",\"potentialAction\":[{\"@type\":\"ReadAction\",\"target\":[\"https:\/\/ruedesproducteurs.fr\/pro\/produit\/apero\/\"]}]},{\"@type\":\"BreadcrumbList\",\"@id\":\"https:\/\/ruedesproducteurs.fr\/pro\/produit\/apero\/#breadcrumb\",\"itemListElement\":[{\"@type\":\"ListItem\",\"position\":1,\"name\":\"Accueil\",\"item\":\"https:\/\/ruedesproducteurs.fr\/pro\/\"},{\"@type\":\"ListItem\",\"position\":2,\"name\":\"panier gourmand lyon\",\"item\":\"https:\/\/ruedesproducteurs.fr\/pro\/panier-gourmand-lyon\/\"},{\"@type\":\"ListItem\",\"position\":3,\"name\":\"Panier Garni Ap\u00e9ro\"}]},{\"@type\":\"WebSite\",\"@id\":\"https:\/\/ruedesproducteurs.fr\/pro\/#website\",\"url\":\"https:\/\/ruedesproducteurs.fr\/pro\/\",\"name\":\"\",\"description\":\"\",\"potentialAction\":[{\"@type\":\"SearchAction\",\"target\":{\"@type\":\"EntryPoint\",\"urlTemplate\":\"https:\/\/ruedesproducteurs.fr\/pro\/?s={search_term_string}\"},\"query-input\":\"required name=search_term_string\"}],\"inLanguage\":\"fr-FR\"}]}<\/script>\n<!-- \/ Yoast SEO plugin. -->","yoast_head_json":{"title":"Panier Garni Ap\u00e9ro -","robots":{"index":"index","follow":"follow","max-snippet":"max-snippet:-1","max-image-preview":"max-image-preview:large","max-video-preview":"max-video-preview:-1"},"canonical":"https:\/\/ruedesproducteurs.fr\/pro\/produit\/apero\/","og_locale":"fr_FR","og_type":"article","og_title":"Panier Garni Ap\u00e9ro -","og_description":"Dans ce panier garni destin\u00e9 \u00e0 l\u2019ap\u00e9ritif on trouve :   Des pickles curry \u201cPOd\u201d (220g), bio, pour des bouch\u00e9es croquantes et acidul\u00e9es avec des courgettes et des oignons au curry, pr\u00e9par\u00e9s avec soin dans l\u2019Allier  Des biscuits \u201cAperOlive\u201d (200g), aux olives noires, pr\u00e9par\u00e9s de fa\u00e7on artisanale \u00e0 partir d'amandes locales dans la Dr\u00f4me  Une terrine v\u00e9g\u00e9tale (100g), \u00e0 base de ch\u00e2taignes, produite sur les hauteurs ard\u00e9choises  Une rillette \u201cPorc Jambon de pays\u201d \u2018Marc Sandevoir\u2019(160g), gourmande pr\u00e9par\u00e9e avec des produits artisanaux mijot\u00e9s avec soin en Ard\u00e8che  Un saucisson sec maigre, des monts du Lyonnais  Une bi\u00e8re \u201cOurs\u201d BIO \u00e0 verveine (33cl), rafra\u00eechissante et menthol\u00e9e.","og_url":"https:\/\/ruedesproducteurs.fr\/pro\/produit\/apero\/","article_modified_time":"2024-07-30T13:22:33+00:00","og_image":[{"width":2560,"height":1905,"url":"https:\/\/ruedesproducteurs.fr\/pro\/wp-content\/uploads\/2022\/05\/Ap\u201arO_4500-scaled.jpg","type":"image\/jpeg"}],"twitter_card":"summary_large_image","schema":{"@context":"https:\/\/schema.org","@graph":[{"@type":"WebPage","@id":"https:\/\/ruedesproducteurs.fr\/pro\/produit\/apero\/","url":"https:\/\/ruedesproducteurs.fr\/pro\/produit\/apero\/","name":"Panier Garni Ap\u00e9ro -","isPartOf":{"@id":"https:\/\/ruedesproducteurs.fr\/pro\/#website"},"datePublished":"2022-05-05T08:51:49+00:00","dateModified":"2024-07-30T13:22:33+00:00","breadcrumb":{"@id":"https:\/\/ruedesproducteurs.fr\/pro\/produit\/apero\/#breadcrumb"},"inLanguage":"fr-FR","potentialAction":[{"@type":"ReadAction","target":["https:\/\/ruedesproducteurs.fr\/pro\/produit\/apero\/"]}]},{"@type":"BreadcrumbList","@id":"https:\/\/ruedesproducteurs.fr\/pro\/produit\/apero\/#breadcrumb","itemListElement":[{"@type":"ListItem","position":1,"name":"Accueil","item":"https:\/\/ruedesproducteurs.fr\/pro\/"},{"@type":"ListItem","position":2,"name":"panier gourmand lyon","item":"https:\/\/ruedesproducteurs.fr\/pro\/panier-gourmand-lyon\/"},{"@type":"ListItem","position":3,"name":"Panier Garni Ap\u00e9ro"}]},{"@type":"WebSite","@id":"https:\/\/ruedesproducteurs.fr\/pro\/#website","url":"https:\/\/ruedesproducteurs.fr\/pro\/","name":"","description":"","potentialAction":[{"@type":"SearchAction","target":{"@type":"EntryPoint","urlTemplate":"https:\/\/ruedesproducteurs.fr\/pro\/?s={search_term_string}"},"query-input":"required name=search_term_string"}],"inLanguage":"fr-FR"}]}},"_links":{"self":[{"href":"https:\/\/ruedesproducteurs.fr\/pro\/wp-json\/wp\/v2\/product\/316"}],"collection":[{"href":"https:\/\/ruedesproducteurs.fr\/pro\/wp-json\/wp\/v2\/product"}],"about":[{"href":"https:\/\/ruedesproducteurs.fr\/pro\/wp-json\/wp\/v2\/types\/product"}],"replies":[{"embeddable":true,"href":"https:\/\/ruedesproducteurs.fr\/pro\/wp-json\/wp\/v2\/comments?post=316"}],"wp:featuredmedia":[{"embeddable":true,"href":"https:\/\/ruedesproducteurs.fr\/pro\/wp-json\/wp\/v2\/media\/317"}],"wp:attachment":[{"href":"https:\/\/ruedesproducteurs.fr\/pro\/wp-json\/wp\/v2\/media?parent=316"}],"curies":[{"name":"wp","href":"https:\/\/api.w.org\/{rel}","templated":true}]}}

Panier Garni Apéro

<p><strong>Dans ce panier garni destiné à l’apéritif on trouve :</strong></p>
<ul>
<li>Des pickles curry “POd” (220g), bio, pour des bouchées croquantes et acidulées avec des courgettes et des oignons au curry, préparés avec soin dans l’Allier</li>
<li>Des biscuits “AperOlive” (200g), aux olives noires, préparés de façon artisanale à partir d&#8217;amandes locales dans la Drôme</li>
<li>Une terrine végétale (100g), à base de châtaignes, produite sur les hauteurs ardéchoises</li>
<li>Une rillette “Porc Jambon de pays” ‘Marc Sandevoir’(160g), gourmande préparée avec des produits artisanaux mijotés avec soin en Ardèche</li>
<li>Un saucisson sec maigre, des monts du Lyonnais</li>
<li>Une bière “Ours” BIO à verveine (33cl), rafraîchissante et mentholée.</li>
</ul>

<!-- This site is optimized with the Yoast SEO plugin v20.3 - https://yoast.com/wordpress/plugins/seo/ -->
<title>Panier Garni Apéro -</title>
<meta name="robots" content="index, follow, max-snippet:-1, max-image-preview:large, max-video-preview:-1" />
<link rel="canonical" href="https://ruedesproducteurs.fr/pro/produit/apero/" />
<meta property="og:locale" content="fr_FR" />
<meta property="og:type" content="article" />
<meta property="og:title" content="Panier Garni Apéro -" />
<meta property="og:description" content="Dans ce panier garni destiné à l’apéritif on trouve :   Des pickles curry “POd” (220g), bio, pour des bouchées croquantes et acidulées avec des courgettes et des oignons au curry, préparés avec soin dans l’Allier  Des biscuits “AperOlive” (200g), aux olives noires, préparés de façon artisanale à partir d&#039;amandes locales dans la Drôme  Une terrine végétale (100g), à base de châtaignes, produite sur les hauteurs ardéchoises  Une rillette “Porc Jambon de pays” ‘Marc Sandevoir’(160g), gourmande préparée avec des produits artisanaux mijotés avec soin en Ardèche  Un saucisson sec maigre, des monts du Lyonnais  Une bière “Ours” BIO à verveine (33cl), rafraîchissante et mentholée." />
<meta property="og:url" content="https://ruedesproducteurs.fr/pro/produit/apero/" />
<meta property="article:modified_time" content="2024-07-30T13:22:33+00:00" />
<meta property="og:image" content="https://ruedesproducteurs.fr/pro/wp-content/uploads/2022/05/Ap‚rO_4500-scaled.jpg" />
	<meta property="og:image:width" content="2560" />
	<meta property="og:image:height" content="1905" />
	<meta property="og:image:type" content="image/jpeg" />
<meta name="twitter:card" content="summary_large_image" />
<script type="application/ld+json" class="yoast-schema-graph">{"@context":"https://schema.org","@graph":[{"@type":"WebPage","@id":"https://ruedesproducteurs.fr/pro/produit/apero/","url":"https://ruedesproducteurs.fr/pro/produit/apero/","name":"Panier Garni Apéro -","isPartOf":{"@id":"https://ruedesproducteurs.fr/pro/#website"},"datePublished":"2022-05-05T08:51:49+00:00","dateModified":"2024-07-30T13:22:33+00:00","breadcrumb":{"@id":"https://ruedesproducteurs.fr/pro/produit/apero/#breadcrumb"},"inLanguage":"fr-FR","potentialAction":[{"@type":"ReadAction","target":["https://ruedesproducteurs.fr/pro/produit/apero/"]}]},{"@type":"BreadcrumbList","@id":"https://ruedesproducteurs.fr/pro/produit/apero/#breadcrumb","itemListElement":[{"@type":"ListItem","position":1,"name":"Accueil","item":"https://ruedesproducteurs.fr/pro/"},{"@type":"ListItem","position":2,"name":"panier gourmand lyon","item":"https://ruedesproducteurs.fr/pro/panier-gourmand-lyon/"},{"@type":"ListItem","position":3,"name":"Panier Garni Apéro"}]},{"@type":"WebSite","@id":"https://ruedesproducteurs.fr/pro/#website","url":"https://ruedesproducteurs.fr/pro/","name":"","description":"","potentialAction":[{"@type":"SearchAction","target":{"@type":"EntryPoint","urlTemplate":"https://ruedesproducteurs.fr/pro/?s={search_term_string}"},"query-input":"required name=search_term_string"}],"inLanguage":"fr-FR"}]}</script>
<!-- / Yoast SEO plugin. -->

Panier Garni Apéro -

Dans ce panier garni destiné à l’apéritif on trouve :   Des pickles curry “POd” (220g), bio, pour des bouchées croquantes et acidulées avec des courgettes et des oignons au curry, préparés avec soin dans l’Allier  Des biscuits “AperOlive” (200g), aux olives noires, préparés de façon artisanale à partir d'amandes locales dans la Drôme  Une terrine végétale (100g), à base de châtaignes, produite sur les hauteurs ardéchoises  Une rillette “Porc Jambon de pays” ‘Marc Sandevoir’(160g), gourmande préparée avec des produits artisanaux mijotés avec soin en Ardèche  Un saucisson sec maigre, des monts du Lyonnais  Une bière “Ours” BIO à verveine (33cl), rafraîchissante et mentholée.
