{"id":326,"date":"2022-05-05T14:05:47","date_gmt":"2022-05-05T12:05:47","guid":{"rendered":"https:\/\/dev-scope.fr\/pro\/?post_type=product&#038;p=326"},"modified":"2024-05-23T13:14:38","modified_gmt":"2024-05-23T11:14:38","slug":"legrandardechois","status":"publish","type":"product","link":"https:\/\/ruedesproducteurs.fr\/pro\/produit\/legrandardechois\/","title":{"rendered":"Le grand Ard\u00e9chois"},"content":{"rendered":"","protected":false},"excerpt":{"rendered":"<p><strong>Dans ce panier aux saveurs authentiques de la r\u00e9gion ard\u00e9choise on trouve :<\/strong><\/p>\n<ul>\n<li>Une terrine v\u00e9g\u00e9tale (200g), \u00e0 base de ch\u00e2taignes, produite sur les hauteurs ard\u00e9choises<\/li>\n<li>Des gressins gourmands\u201cLes Mignoteries\u201d (150g), 100% naturels fabriqu\u00e9s dans une biscuiterie artisanale en Ard\u00e8che<\/li>\n<li>Une rillette au jambon de pays (160g), fabriqu\u00e9e en Ard\u00e8che par &#8220;Marc Sandevoir&#8221;<\/li>\n<li>Une cr\u00e8me de ch\u00e2taignes \u00ab Les Caions \u00bb (350g), bio et gourmand<\/li>\n<li>Des langues de chat \u00ab Les Mignoteries \u00bb (120g), g\u00e9n\u00e9reuses, au go\u00fbt prononc\u00e9 de miel d\u2019Ard\u00e8che, 100% naturel, r\u00e9alis\u00e9es artisanalement en Ard\u00e8che verte<\/li>\n<li>Un jus de pomme BIO \u201cLeppert\u201d (75cl), au gout de pommes anciennes et produit de l\u2019agriculture biologique<\/li>\n<li>Un vin BIO \u201cBaie de Quartz\u201d (750ml), l\u00e9ger, aux ar\u00f4mes de m\u00fbres et de cassis, en provenance de la cave La C\u00e9venole sur la commune de Rosi\u00e8res, en Ard\u00e8che<\/li>\n<li>Une confiture \u201cDorne\u201d (300g), pr\u00e9par\u00e9e pr\u00e8s de Tournon (Ard\u00e8che) \u00e0 partir de fruits locaux aux saveurs originelles.<\/li>\n<\/ul>\n","protected":false},"featured_media":1839,"comment_status":"open","ping_status":"closed","template":"","meta":[],"yoast_head":"<!-- This site is optimized with the Yoast SEO plugin v20.3 - https:\/\/yoast.com\/wordpress\/plugins\/seo\/ -->\n<title>Le grand Ard\u00e9chois -<\/title>\n<meta name=\"robots\" content=\"index, follow, max-snippet:-1, max-image-preview:large, max-video-preview:-1\" \/>\n<link rel=\"canonical\" href=\"https:\/\/ruedesproducteurs.fr\/pro\/produit\/legrandardechois\/\" \/>\n<meta property=\"og:locale\" content=\"fr_FR\" \/>\n<meta property=\"og:type\" content=\"article\" \/>\n<meta property=\"og:title\" content=\"Le grand Ard\u00e9chois -\" \/>\n<meta property=\"og:description\" content=\"Dans ce panier aux saveurs authentiques de la r\u00e9gion ard\u00e9choise on trouve :   Une terrine v\u00e9g\u00e9tale (200g), \u00e0 base de ch\u00e2taignes, produite sur les hauteurs ard\u00e9choises  Des gressins gourmands\u201cLes Mignoteries\u201d (150g), 100% naturels fabriqu\u00e9s dans une biscuiterie artisanale en Ard\u00e8che  Une rillette au jambon de pays (160g), fabriqu\u00e9e en Ard\u00e8che par &quot;Marc Sandevoir&quot;  Une cr\u00e8me de ch\u00e2taignes \u00ab Les Caions \u00bb (350g), bio et gourmand  Des langues de chat \u00ab Les Mignoteries \u00bb (120g), g\u00e9n\u00e9reuses, au go\u00fbt prononc\u00e9 de miel d\u2019Ard\u00e8che, 100% naturel, r\u00e9alis\u00e9es artisanalement en Ard\u00e8che verte  Un jus de pomme BIO \u201cLeppert\u201d (75cl), au gout de pommes anciennes et produit de l\u2019agriculture biologique  Un vin BIO \u201cBaie de Quartz\u201d (750ml), l\u00e9ger, aux ar\u00f4mes de m\u00fbres et de cassis, en provenance de la cave La C\u00e9venole sur la commune de Rosi\u00e8res, en Ard\u00e8che  Une confiture \u201cDorne\u201d (300g), pr\u00e9par\u00e9e pr\u00e8s de Tournon (Ard\u00e8che) \u00e0 partir de fruits locaux aux saveurs originelles.\" \/>\n<meta property=\"og:url\" content=\"https:\/\/ruedesproducteurs.fr\/pro\/produit\/legrandardechois\/\" \/>\n<meta property=\"article:modified_time\" content=\"2024-05-23T11:14:38+00:00\" \/>\n<meta property=\"og:image\" content=\"https:\/\/ruedesproducteurs.fr\/pro\/wp-content\/uploads\/2022\/05\/Grand_Ardechois-1.jpg\" \/>\n\t<meta property=\"og:image:width\" content=\"2560\" \/>\n\t<meta property=\"og:image:height\" content=\"1706\" \/>\n\t<meta property=\"og:image:type\" content=\"image\/jpeg\" \/>\n<meta name=\"twitter:card\" content=\"summary_large_image\" \/>\n<script type=\"application\/ld+json\" class=\"yoast-schema-graph\">{\"@context\":\"https:\/\/schema.org\",\"@graph\":[{\"@type\":\"WebPage\",\"@id\":\"https:\/\/ruedesproducteurs.fr\/pro\/produit\/legrandardechois\/\",\"url\":\"https:\/\/ruedesproducteurs.fr\/pro\/produit\/legrandardechois\/\",\"name\":\"Le grand Ard\u00e9chois -\",\"isPartOf\":{\"@id\":\"https:\/\/ruedesproducteurs.fr\/pro\/#website\"},\"datePublished\":\"2022-05-05T12:05:47+00:00\",\"dateModified\":\"2024-05-23T11:14:38+00:00\",\"breadcrumb\":{\"@id\":\"https:\/\/ruedesproducteurs.fr\/pro\/produit\/legrandardechois\/#breadcrumb\"},\"inLanguage\":\"fr-FR\",\"potentialAction\":[{\"@type\":\"ReadAction\",\"target\":[\"https:\/\/ruedesproducteurs.fr\/pro\/produit\/legrandardechois\/\"]}]},{\"@type\":\"BreadcrumbList\",\"@id\":\"https:\/\/ruedesproducteurs.fr\/pro\/produit\/legrandardechois\/#breadcrumb\",\"itemListElement\":[{\"@type\":\"ListItem\",\"position\":1,\"name\":\"Accueil\",\"item\":\"https:\/\/ruedesproducteurs.fr\/pro\/\"},{\"@type\":\"ListItem\",\"position\":2,\"name\":\"panier gourmand lyon\",\"item\":\"https:\/\/ruedesproducteurs.fr\/pro\/panier-gourmand-lyon\/\"},{\"@type\":\"ListItem\",\"position\":3,\"name\":\"Le grand Ard\u00e9chois\"}]},{\"@type\":\"WebSite\",\"@id\":\"https:\/\/ruedesproducteurs.fr\/pro\/#website\",\"url\":\"https:\/\/ruedesproducteurs.fr\/pro\/\",\"name\":\"\",\"description\":\"\",\"potentialAction\":[{\"@type\":\"SearchAction\",\"target\":{\"@type\":\"EntryPoint\",\"urlTemplate\":\"https:\/\/ruedesproducteurs.fr\/pro\/?s={search_term_string}\"},\"query-input\":\"required name=search_term_string\"}],\"inLanguage\":\"fr-FR\"}]}<\/script>\n<!-- \/ Yoast SEO plugin. -->","yoast_head_json":{"title":"Le grand Ard\u00e9chois -","robots":{"index":"index","follow":"follow","max-snippet":"max-snippet:-1","max-image-preview":"max-image-preview:large","max-video-preview":"max-video-preview:-1"},"canonical":"https:\/\/ruedesproducteurs.fr\/pro\/produit\/legrandardechois\/","og_locale":"fr_FR","og_type":"article","og_title":"Le grand Ard\u00e9chois -","og_description":"Dans ce panier aux saveurs authentiques de la r\u00e9gion ard\u00e9choise on trouve :   Une terrine v\u00e9g\u00e9tale (200g), \u00e0 base de ch\u00e2taignes, produite sur les hauteurs ard\u00e9choises  Des gressins gourmands\u201cLes Mignoteries\u201d (150g), 100% naturels fabriqu\u00e9s dans une biscuiterie artisanale en Ard\u00e8che  Une rillette au jambon de pays (160g), fabriqu\u00e9e en Ard\u00e8che par \"Marc Sandevoir\"  Une cr\u00e8me de ch\u00e2taignes \u00ab Les Caions \u00bb (350g), bio et gourmand  Des langues de chat \u00ab Les Mignoteries \u00bb (120g), g\u00e9n\u00e9reuses, au go\u00fbt prononc\u00e9 de miel d\u2019Ard\u00e8che, 100% naturel, r\u00e9alis\u00e9es artisanalement en Ard\u00e8che verte  Un jus de pomme BIO \u201cLeppert\u201d (75cl), au gout de pommes anciennes et produit de l\u2019agriculture biologique  Un vin BIO \u201cBaie de Quartz\u201d (750ml), l\u00e9ger, aux ar\u00f4mes de m\u00fbres et de cassis, en provenance de la cave La C\u00e9venole sur la commune de Rosi\u00e8res, en Ard\u00e8che  Une confiture \u201cDorne\u201d (300g), pr\u00e9par\u00e9e pr\u00e8s de Tournon (Ard\u00e8che) \u00e0 partir de fruits locaux aux saveurs originelles.","og_url":"https:\/\/ruedesproducteurs.fr\/pro\/produit\/legrandardechois\/","article_modified_time":"2024-05-23T11:14:38+00:00","og_image":[{"width":2560,"height":1706,"url":"https:\/\/ruedesproducteurs.fr\/pro\/wp-content\/uploads\/2022\/05\/Grand_Ardechois-1.jpg","type":"image\/jpeg"}],"twitter_card":"summary_large_image","schema":{"@context":"https:\/\/schema.org","@graph":[{"@type":"WebPage","@id":"https:\/\/ruedesproducteurs.fr\/pro\/produit\/legrandardechois\/","url":"https:\/\/ruedesproducteurs.fr\/pro\/produit\/legrandardechois\/","name":"Le grand Ard\u00e9chois -","isPartOf":{"@id":"https:\/\/ruedesproducteurs.fr\/pro\/#website"},"datePublished":"2022-05-05T12:05:47+00:00","dateModified":"2024-05-23T11:14:38+00:00","breadcrumb":{"@id":"https:\/\/ruedesproducteurs.fr\/pro\/produit\/legrandardechois\/#breadcrumb"},"inLanguage":"fr-FR","potentialAction":[{"@type":"ReadAction","target":["https:\/\/ruedesproducteurs.fr\/pro\/produit\/legrandardechois\/"]}]},{"@type":"BreadcrumbList","@id":"https:\/\/ruedesproducteurs.fr\/pro\/produit\/legrandardechois\/#breadcrumb","itemListElement":[{"@type":"ListItem","position":1,"name":"Accueil","item":"https:\/\/ruedesproducteurs.fr\/pro\/"},{"@type":"ListItem","position":2,"name":"panier gourmand lyon","item":"https:\/\/ruedesproducteurs.fr\/pro\/panier-gourmand-lyon\/"},{"@type":"ListItem","position":3,"name":"Le grand Ard\u00e9chois"}]},{"@type":"WebSite","@id":"https:\/\/ruedesproducteurs.fr\/pro\/#website","url":"https:\/\/ruedesproducteurs.fr\/pro\/","name":"","description":"","potentialAction":[{"@type":"SearchAction","target":{"@type":"EntryPoint","urlTemplate":"https:\/\/ruedesproducteurs.fr\/pro\/?s={search_term_string}"},"query-input":"required name=search_term_string"}],"inLanguage":"fr-FR"}]}},"_links":{"self":[{"href":"https:\/\/ruedesproducteurs.fr\/pro\/wp-json\/wp\/v2\/product\/326"}],"collection":[{"href":"https:\/\/ruedesproducteurs.fr\/pro\/wp-json\/wp\/v2\/product"}],"about":[{"href":"https:\/\/ruedesproducteurs.fr\/pro\/wp-json\/wp\/v2\/types\/product"}],"replies":[{"embeddable":true,"href":"https:\/\/ruedesproducteurs.fr\/pro\/wp-json\/wp\/v2\/comments?post=326"}],"wp:featuredmedia":[{"embeddable":true,"href":"https:\/\/ruedesproducteurs.fr\/pro\/wp-json\/wp\/v2\/media\/1839"}],"wp:attachment":[{"href":"https:\/\/ruedesproducteurs.fr\/pro\/wp-json\/wp\/v2\/media?parent=326"}],"curies":[{"name":"wp","href":"https:\/\/api.w.org\/{rel}","templated":true}]}}