{"id":334,"date":"2022-05-05T14:14:17","date_gmt":"2022-05-05T12:14:17","guid":{"rendered":"https:\/\/dev-scope.fr\/pro\/?post_type=product&#038;p=334"},"modified":"2023-09-14T18:29:24","modified_gmt":"2023-09-14T16:29:24","slug":"manege-a-bieres","status":"publish","type":"product","link":"https:\/\/ruedesproducteurs.fr\/pro\/produit\/manege-a-bieres\/","title":{"rendered":"Man\u00e8ge \u00e0 bi\u00e8res"},"content":{"rendered":"","protected":false},"excerpt":{"rendered":"<p><strong>Dans ce tourniquet se trouve 6 bi\u00e8res locales pour votre plaisir :<\/strong><\/p>\n<ul>\n<li>Trois bi\u00e8res de la brasserie \u201cDemi Lune\u201d situ\u00e9e Tassin-La-Demi-Lune (33 cl): une IPA \u2018Lyon Ceylan\u2019, une Triple \u20183 Gones\u2019 et une blanche \u2018Cherry Blossom\u2019<\/li>\n<li>Trois bi\u00e8res \u201cBrasserie des Ursulines\u201d (33cl), fabriqu\u00e9es dans une ancienne abbaye du village m\u00e9di\u00e9val de Cr\u00e9mieu (Is\u00e8re): une brune ainsi qu&#8217;une blonde et une ambr\u00e9e.<\/li>\n<\/ul>\n<p>&nbsp;<\/p>\n","protected":false},"featured_media":335,"comment_status":"open","ping_status":"closed","template":"","meta":[],"yoast_head":"<!-- This site is optimized with the Yoast SEO plugin v20.3 - https:\/\/yoast.com\/wordpress\/plugins\/seo\/ -->\n<title>Man\u00e8ge \u00e0 bi\u00e8res -<\/title>\n<meta name=\"robots\" content=\"index, follow, max-snippet:-1, max-image-preview:large, max-video-preview:-1\" \/>\n<link rel=\"canonical\" href=\"https:\/\/ruedesproducteurs.fr\/pro\/produit\/manege-a-bieres\/\" \/>\n<meta property=\"og:locale\" content=\"fr_FR\" \/>\n<meta property=\"og:type\" content=\"article\" \/>\n<meta property=\"og:title\" content=\"Man\u00e8ge \u00e0 bi\u00e8res -\" \/>\n<meta property=\"og:description\" content=\"Dans ce tourniquet se trouve 6 bi\u00e8res locales pour votre plaisir :   Trois bi\u00e8res de la brasserie \u201cDemi Lune\u201d situ\u00e9e Tassin-La-Demi-Lune (33 cl): une IPA \u2018Lyon Ceylan\u2019, une Triple \u20183 Gones\u2019 et une blanche \u2018Cherry Blossom\u2019  Trois bi\u00e8res \u201cBrasserie des Ursulines\u201d (33cl), fabriqu\u00e9es dans une ancienne abbaye du village m\u00e9di\u00e9val de Cr\u00e9mieu (Is\u00e8re): une brune ainsi qu&#039;une blonde et une ambr\u00e9e.  &nbsp;\" \/>\n<meta property=\"og:url\" content=\"https:\/\/ruedesproducteurs.fr\/pro\/produit\/manege-a-bieres\/\" \/>\n<meta property=\"article:modified_time\" content=\"2023-09-14T16:29:24+00:00\" \/>\n<meta property=\"og:image\" content=\"https:\/\/ruedesproducteurs.fr\/pro\/wp-content\/uploads\/2022\/05\/ManS\u030cge-\u2026-biS\u030cres_2590-scaled.jpg\" \/>\n\t<meta property=\"og:image:width\" content=\"2560\" \/>\n\t<meta property=\"og:image:height\" content=\"1987\" \/>\n\t<meta property=\"og:image:type\" content=\"image\/jpeg\" \/>\n<meta name=\"twitter:card\" content=\"summary_large_image\" \/>\n<script type=\"application\/ld+json\" class=\"yoast-schema-graph\">{\"@context\":\"https:\/\/schema.org\",\"@graph\":[{\"@type\":\"WebPage\",\"@id\":\"https:\/\/ruedesproducteurs.fr\/pro\/produit\/manege-a-bieres\/\",\"url\":\"https:\/\/ruedesproducteurs.fr\/pro\/produit\/manege-a-bieres\/\",\"name\":\"Man\u00e8ge \u00e0 bi\u00e8res -\",\"isPartOf\":{\"@id\":\"https:\/\/ruedesproducteurs.fr\/pro\/#website\"},\"datePublished\":\"2022-05-05T12:14:17+00:00\",\"dateModified\":\"2023-09-14T16:29:24+00:00\",\"breadcrumb\":{\"@id\":\"https:\/\/ruedesproducteurs.fr\/pro\/produit\/manege-a-bieres\/#breadcrumb\"},\"inLanguage\":\"fr-FR\",\"potentialAction\":[{\"@type\":\"ReadAction\",\"target\":[\"https:\/\/ruedesproducteurs.fr\/pro\/produit\/manege-a-bieres\/\"]}]},{\"@type\":\"BreadcrumbList\",\"@id\":\"https:\/\/ruedesproducteurs.fr\/pro\/produit\/manege-a-bieres\/#breadcrumb\",\"itemListElement\":[{\"@type\":\"ListItem\",\"position\":1,\"name\":\"Accueil\",\"item\":\"https:\/\/ruedesproducteurs.fr\/pro\/\"},{\"@type\":\"ListItem\",\"position\":2,\"name\":\"panier gourmand lyon\",\"item\":\"https:\/\/ruedesproducteurs.fr\/pro\/panier-gourmand-lyon\/\"},{\"@type\":\"ListItem\",\"position\":3,\"name\":\"Man\u00e8ge \u00e0 bi\u00e8res\"}]},{\"@type\":\"WebSite\",\"@id\":\"https:\/\/ruedesproducteurs.fr\/pro\/#website\",\"url\":\"https:\/\/ruedesproducteurs.fr\/pro\/\",\"name\":\"\",\"description\":\"\",\"potentialAction\":[{\"@type\":\"SearchAction\",\"target\":{\"@type\":\"EntryPoint\",\"urlTemplate\":\"https:\/\/ruedesproducteurs.fr\/pro\/?s={search_term_string}\"},\"query-input\":\"required name=search_term_string\"}],\"inLanguage\":\"fr-FR\"}]}<\/script>\n<!-- \/ Yoast SEO plugin. -->","yoast_head_json":{"title":"Man\u00e8ge \u00e0 bi\u00e8res -","robots":{"index":"index","follow":"follow","max-snippet":"max-snippet:-1","max-image-preview":"max-image-preview:large","max-video-preview":"max-video-preview:-1"},"canonical":"https:\/\/ruedesproducteurs.fr\/pro\/produit\/manege-a-bieres\/","og_locale":"fr_FR","og_type":"article","og_title":"Man\u00e8ge \u00e0 bi\u00e8res -","og_description":"Dans ce tourniquet se trouve 6 bi\u00e8res locales pour votre plaisir :   Trois bi\u00e8res de la brasserie \u201cDemi Lune\u201d situ\u00e9e Tassin-La-Demi-Lune (33 cl): une IPA \u2018Lyon Ceylan\u2019, une Triple \u20183 Gones\u2019 et une blanche \u2018Cherry Blossom\u2019  Trois bi\u00e8res \u201cBrasserie des Ursulines\u201d (33cl), fabriqu\u00e9es dans une ancienne abbaye du village m\u00e9di\u00e9val de Cr\u00e9mieu (Is\u00e8re): une brune ainsi qu'une blonde et une ambr\u00e9e.  &nbsp;","og_url":"https:\/\/ruedesproducteurs.fr\/pro\/produit\/manege-a-bieres\/","article_modified_time":"2023-09-14T16:29:24+00:00","og_image":[{"width":2560,"height":1987,"url":"https:\/\/ruedesproducteurs.fr\/pro\/wp-content\/uploads\/2022\/05\/ManS\u030cge-\u2026-biS\u030cres_2590-scaled.jpg","type":"image\/jpeg"}],"twitter_card":"summary_large_image","schema":{"@context":"https:\/\/schema.org","@graph":[{"@type":"WebPage","@id":"https:\/\/ruedesproducteurs.fr\/pro\/produit\/manege-a-bieres\/","url":"https:\/\/ruedesproducteurs.fr\/pro\/produit\/manege-a-bieres\/","name":"Man\u00e8ge \u00e0 bi\u00e8res -","isPartOf":{"@id":"https:\/\/ruedesproducteurs.fr\/pro\/#website"},"datePublished":"2022-05-05T12:14:17+00:00","dateModified":"2023-09-14T16:29:24+00:00","breadcrumb":{"@id":"https:\/\/ruedesproducteurs.fr\/pro\/produit\/manege-a-bieres\/#breadcrumb"},"inLanguage":"fr-FR","potentialAction":[{"@type":"ReadAction","target":["https:\/\/ruedesproducteurs.fr\/pro\/produit\/manege-a-bieres\/"]}]},{"@type":"BreadcrumbList","@id":"https:\/\/ruedesproducteurs.fr\/pro\/produit\/manege-a-bieres\/#breadcrumb","itemListElement":[{"@type":"ListItem","position":1,"name":"Accueil","item":"https:\/\/ruedesproducteurs.fr\/pro\/"},{"@type":"ListItem","position":2,"name":"panier gourmand lyon","item":"https:\/\/ruedesproducteurs.fr\/pro\/panier-gourmand-lyon\/"},{"@type":"ListItem","position":3,"name":"Man\u00e8ge \u00e0 bi\u00e8res"}]},{"@type":"WebSite","@id":"https:\/\/ruedesproducteurs.fr\/pro\/#website","url":"https:\/\/ruedesproducteurs.fr\/pro\/","name":"","description":"","potentialAction":[{"@type":"SearchAction","target":{"@type":"EntryPoint","urlTemplate":"https:\/\/ruedesproducteurs.fr\/pro\/?s={search_term_string}"},"query-input":"required name=search_term_string"}],"inLanguage":"fr-FR"}]}},"_links":{"self":[{"href":"https:\/\/ruedesproducteurs.fr\/pro\/wp-json\/wp\/v2\/product\/334"}],"collection":[{"href":"https:\/\/ruedesproducteurs.fr\/pro\/wp-json\/wp\/v2\/product"}],"about":[{"href":"https:\/\/ruedesproducteurs.fr\/pro\/wp-json\/wp\/v2\/types\/product"}],"replies":[{"embeddable":true,"href":"https:\/\/ruedesproducteurs.fr\/pro\/wp-json\/wp\/v2\/comments?post=334"}],"wp:featuredmedia":[{"embeddable":true,"href":"https:\/\/ruedesproducteurs.fr\/pro\/wp-json\/wp\/v2\/media\/335"}],"wp:attachment":[{"href":"https:\/\/ruedesproducteurs.fr\/pro\/wp-json\/wp\/v2\/media?parent=334"}],"curies":[{"name":"wp","href":"https:\/\/api.w.org\/{rel}","templated":true}]}}